{"id":26,"date":"2017-01-30T16:07:50","date_gmt":"2017-01-30T15:07:50","guid":{"rendered":"http:\/\/www.tramin.org\/hauszilli\/?page_id=26"},"modified":"2026-03-14T07:42:01","modified_gmt":"2026-03-14T06:42:01","slug":"studioapartments","status":"publish","type":"page","link":"https:\/\/www.tramin.org\/zilli\/studioapartments\/","title":{"rendered":"Studio Apartments"},"content":{"rendered":"<div class=\"wpb-content-wrapper\"><p>[vc_row][vc_column][vc_gallery type=&#8220;flexslider_slide&#8220; interval=&#8220;5&#8243; images=&#8220;1064,1183&#8243; img_size=&#8220;1200&#215;450&#8243; onclick=&#8220;&#8220;][\/vc_column][\/vc_row][vc_row][vc_column][vc_column_text]<\/p>\n<h2><span style=\"color: #9a113e;\">Studio Apartments<br \/>\n<\/span><\/h2>\n<p>Unser Haus verf\u00fcgt \u00fcber drei Studio Apartments mit K\u00fcchenzeile, Esstisch, Sofa, Doppelbett und Badezimmer sowie einer gro\u00dfen Terrasse. Ein Teil der Terrasse ist jeweils \u00fcberdacht und ein Teil liegt unter freiem Himmel \u2013 von dort aus haben Sie einen herrlichen Blick ins historische Dorfzentrum von Tramin. Direkt angrenzend an die Studio Apartments befindet sich die Wiese mit Liegest\u00fchlen und Grillm\u00f6glichkeit.[\/vc_column_text][vc_empty_space height=&#8220;20px&#8220;][vc_column_text]<\/p>\n<h3><span style=\"color: #9a113e;\">Preise 2026<\/span><\/h3>\n<p>Z1: 140-155 Euro pro Nacht f\u00fcr zwei Personen + Ortstaxe (4\u20ac\/Nacht)<br \/>\nZ2 und Z3: 130-150 Euro pro Nacht f\u00fcr zwei Personen + Ortstaxe (4\u20ac\/Nacht)[\/vc_column_text][\/vc_column][\/vc_row][vc_row][vc_column][vc_empty_space height=&#8220;50px&#8220;][vc_column_text]<\/p>\n<h2 style=\"text-align: center;\"><span style=\"color: #000000;\">Studio Apartment Z1<\/span><\/h2>\n<p>[\/vc_column_text][vc_single_image image=&#8220;1578&#8243; img_size=&#8220;full&#8220; alignment=&#8220;center&#8220;][\/vc_column][\/vc_row][vc_row][vc_column][vc_gallery type=&#8220;image_grid&#8220; images=&#8220;1145,1146,1151,1147,1152,1158,1153,1154,1161&#8243; img_size=&#8220;360&#215;200&#8243;][vc_empty_space height=&#8220;60px&#8220;][vc_column_text]<\/p>\n<h2 style=\"text-align: center;\"><span style=\"color: #000000;\">Studio Apartment Z2<\/span><\/h2>\n<p>[\/vc_column_text][vc_single_image image=&#8220;1572&#8243; img_size=&#8220;large&#8220; alignment=&#8220;center&#8220;][\/vc_column][\/vc_row][vc_row][vc_column][vc_gallery type=&#8220;image_grid&#8220; images=&#8220;1075,1045,1029,1044,1163,1164,1042,1036,1039&#8243; img_size=&#8220;360&#215;200&#8243;][vc_empty_space height=&#8220;60px&#8220;][vc_column_text]<\/p>\n<h2 style=\"text-align: center;\"><span style=\"color: #000000;\">Studio Apartment Z3<\/span><\/h2>\n<p>[\/vc_column_text][vc_single_image image=&#8220;1582&#8243; img_size=&#8220;large&#8220; alignment=&#8220;center&#8220;][\/vc_column][\/vc_row][vc_row][vc_column][vc_empty_space][vc_gallery type=&#8220;image_grid&#8220; images=&#8220;1035,1036,1037,1042,1040,1032,1031,1038,1034&#8243; img_size=&#8220;360&#215;200&#8243;][\/vc_column][\/vc_row]<\/p>\n<\/div>","protected":false},"excerpt":{"rendered":"<p>[vc_row][vc_column][vc_gallery type=&#8220;flexslider_slide&#8220; interval=&#8220;5&#8243; images=&#8220;1064,1183&#8243; img_size=&#8220;1200&#215;450&#8243; onclick=&#8220;&#8220;][\/vc_column][\/vc_row][vc_row][vc_column][vc_column_text] Studio Apartments Unser Haus verf\u00fcgt \u00fcber drei Studio Apartments mit K\u00fcchenzeile, Esstisch, Sofa, Doppelbett und Badezimmer sowie einer gro\u00dfen Terrasse. Ein Teil der Terrasse ist jeweils \u00fcberdacht und ein Teil liegt unter freiem Himmel \u2013 von dort aus haben [&hellip;]<\/p>\n","protected":false},"author":2,"featured_media":0,"parent":0,"menu_order":0,"comment_status":"closed","ping_status":"open","template":"","meta":{"_acf_changed":false,"footnotes":""},"acf":[],"_links":{"self":[{"href":"https:\/\/www.tramin.org\/zilli\/wp-json\/wp\/v2\/pages\/26"}],"collection":[{"href":"https:\/\/www.tramin.org\/zilli\/wp-json\/wp\/v2\/pages"}],"about":[{"href":"https:\/\/www.tramin.org\/zilli\/wp-json\/wp\/v2\/types\/page"}],"author":[{"embeddable":true,"href":"https:\/\/www.tramin.org\/zilli\/wp-json\/wp\/v2\/users\/2"}],"replies":[{"embeddable":true,"href":"https:\/\/www.tramin.org\/zilli\/wp-json\/wp\/v2\/comments?post=26"}],"version-history":[{"count":83,"href":"https:\/\/www.tramin.org\/zilli\/wp-json\/wp\/v2\/pages\/26\/revisions"}],"predecessor-version":[{"id":1692,"href":"https:\/\/www.tramin.org\/zilli\/wp-json\/wp\/v2\/pages\/26\/revisions\/1692"}],"wp:attachment":[{"href":"https:\/\/www.tramin.org\/zilli\/wp-json\/wp\/v2\/media?parent=26"}],"curies":[{"name":"wp","href":"https:\/\/api.w.org\/{rel}","templated":true}]}}